, 1161553
List the prime factors of 61615245.
3, 5, 4107683
List the prime factors of 185637106.
2, 19, 43, 103, 1103
What are the prime factors of 22205855?
5, 7, 47, 13499
What are the prime factors of 3614133375?
3, 5, 953, 3371
What are the prime factors of 60571891?
139, 435769
What are the prime factors of 36041193?
3, 444953
What are the prime factors of 270601973?
449, 602677
What are the prime factors of 7279825?
5, 7, 17, 2447
What are the prime factors of 239021549?
13, 18386273
What are the prime factors of 34631294?
2, 139, 347, 359
What are the prime factors of 125203866?
2, 3, 1777, 11743
What are the prime factors of 478727451?
3, 23, 31, 61, 1223
What are the prime factors of 4100467364?
2, 7, 146445263
What are the prime factors of 1604641459?
239, 6713981
What are the prime factors of 679086165?
3, 5, 17, 59, 45137
List the prime factors of 927996688.
2, 461, 125813
What are the prime factors of 12368342?
2, 7, 23, 71, 541
List the prime factors of 123290097.
3, 7, 23, 255259
List the prime factors of 45603091.
43, 409, 2593
What are the prime factors of 298430572?
2, 11, 197, 34429
What are the prime factors of 2342972506?
2, 7, 4019, 41641
List the prime factors of 52616880.
2, 3, 5, 73079
List the prime factors of 18373419.
3, 401, 1697
List the prime factors of 18610623.
3, 157, 13171
What are the prime factors of 158007804?
2, 3, 13167317
What are the prime factors of 1615829909?
2851, 566759
What are the prime factors of 1446344815?
5, 7547, 38329
List the prime factors of 444131567.
11, 40375597
What are the prime factors of 76234697?
7, 11, 761, 1301
What are the prime factors of 556371841?
89, 6251369
List the prime factors of 117360925.
5, 11, 3527
List the prime factors of 4490743391.
37, 4649, 26107
What are the prime factors of 1052162084?
2, 263040521
List the prime factors of 475356313.
29, 3361, 4877
List the prime factors of 59545170.
2, 3, 5, 661613
What are the prime factors of 63880985?
5, 7, 17, 101, 1063
What are the prime factors of 217203532?
2, 7, 13, 197, 233
What are the prime factors of 139123264?
2, 7, 443, 701
List the prime factors of 199422895.
5, 7, 813971
What are the prime factors of 6567969?
3, 2189323
What are the prime factors of 363997603?
13109, 27767
What are the prime factors of 549006010?
2, 5, 7, 7842943
List the prime factors of 1740757368.
2, 3, 7, 631, 16421
What are the prime factors of 14897641?
11, 123121
List the prime factors of 63304566.
2, 3, 13, 17, 47741
List the prime factors of 43411127.
47, 923641
What are the prime factors of 1934617698?
2, 3, 13, 635969
What are the prime factors of 409390759?
223, 311, 5903
What are the prime factors of 2731128?
2, 3, 113797
What are the prime factors of 52717882?
2, 7, 29, 41, 3167
What are the prime factors of 341691441?
3, 7, 13, 263, 4759
What are the prime factors of 645478302?
2, 3, 7, 23, 691, 967
What are the prime factors of 87419456?
2, 19, 29, 37, 67
List the prime factors of 176156.
2, 47, 937
List the prime factors of 570405926.
2, 285202963
List the prime factors of 71379144.
2, 3, 59, 1867
What are the prime factors of 680009556?
2, 3, 56667463
What are the prime factors of 5125320?
2, 3, 5, 23, 619
List the prime factors of 329763358.
2, 103, 1600793
List the prime factors of 55313286.
2, 3, 7, 1316983
List the prime factors of 124777131.
3, 41592377
What are the prime factors of 388371583?
23, 16885721
List the prime factors of 2539538085.
3, 5, 7, 97, 249341
What are the prime factors of 500934474?
2, 3, 41, 678773
List the prime factors of 1494263502.
2, 3, 43, 1930573
What are the prime factors of 225245705?
5, 5683, 7927
What are the prime factors of 2735462588?
2, 17, 23, 101, 17317
List the prime factors of 188566762.
2, 251, 375631
What are the prime factors of 211659053?
139, 1522727
What are the prime factors of 2667741193?
13, 205210861
List the prime factors of 929206089.
3, 7, 263, 56081
List the prime factors of 5919081598.
2, 29, 102053131
What are the prime factors of 2941789042?
2, 1470894521
List the prime factors of 508704386.
2, 23, 283, 1699
What are the prime factors of 1158282854?
2, 37, 15652471
What are the prime factors of 17580860?
2, 5, 11, 157, 509
What are the prime factors of 17211952?
2, 59, 18233
What are the prime factors of 353197367?
12409, 28463
What are the prime factors of 1752623222?
2, 7, 125187373
What are the prime factors of 57821048?
2, 79, 191, 479
What are the prime factors of 2495212709?
11, 79, 2871361
List the prime factors of 3999528404.
2, 999882101
What are the prime factors of 115249902?
2, 3, 17, 281, 4021
List the prime factors of 426934604.
2, 31, 3443021
What are the prime factors of 2033881787?
7, 107, 1627, 1669
What are the prime factors of 65007244?
2, 16251811
What are the prime factors of 26993922?
2, 3, 4498987
What are the prime factors of 973345879?
11, 29, 3051241
List the prime factors of 2680077709.
41, 151, 193, 2243
List the prime factors of 744769852.
2, 661, 281683
What are the prime factors of 126965182?
2, 19, 71, 47059
List the prime factors of 24472924.
2, 7, 409, 2137
What are the prime factors of 4749371914?
2, 7, 941, 360511
What are the prime factors of 119720563?
119720563
List the prime factors of 142071364.
2, 211, 168331
What are the prime factors of 182183035?
5, 36436607
What are the prime factors of 100446225?
3, 5, 11, 109, 1117
What are the prime factors of 3405411214?
2, 397, 641, 6691
What are the prime factors of 30095456?
2, 940483
What are the prime factors of 558032420?
2, 5, 11, 113, 22447
List the prime factors of 37643508.
2, 3, 7, 17, 29, 101
List the prime factors of 58687904.
2, 11, 23, 659
List the prime factors of 1671200341.
619, 2699839
List the prime factors of 41180166.
2, 3, 23, 99469
List the prime factors of 144442419.
3, 11, 67, 5939
List the prime factors of 69848559.
3, 11, 29, 24329
List the prime factors of 220861442.
2, 3821, 28901
What are the prime factors of 5338420101?
3, 7, 19, 3371
What are the prime factors of 105710700?
2, 3, 5, 352369
List the prime factors of 591618525.
3, 5, 7888247
List the prime factors of 187908537.
3, 19, 3296641
What are the prime factors of 80210849?
1979, 40531
What are the prime factors of 4586554578?
2, 3, 1021, 748703
What are the prime factors of 202194844?
2, 29, 1743059
List the prime factors of 29324990.
2, 5, 2932499
List the prime factors of 42182320.
2, 5, 31, 73, 233
List the prime factors of 72444663.
3, 19, 41, 10333
List the prime factors of 174579879.
3, 31, 59, 31817
List the prime factors of 8377701479.
7, 1196814497
What are the prime factors of 9916481?
37, 268013
List the prime factors of 6338215.
5, 13, 97511
List the prime factors of 171652448.
2, 11, 487649
List the prime factors of 65757540.
2, 3, 5, 1095959
What are the prime factors of 1176897837?
3, 392299279
What are the prime factors of 17629892?
2, 7, 103, 6113
List the prime factors of 86293163.
11, 7844833
What are the prime factors of 2756573454?
2, 3, 18043, 25463
List the prime factors of 1039846592.
2, 19, 41, 20857
What are the prime factors of 587196519?
3, 7, 13, 43, 50021
List the prime factors of 3091121687.
29, 59, 1806617
List the prime factors of 626768873.
283, 2214731
What are the prime factors of 55826807?
19, 811, 3623
What are the prime factors of 346142566?
2, 7, 11, 6553
What are the prime factors of 1653585476?
2, 1061, 389629
What are the prime factors of 201717264?
2, 3, 7, 659, 911
List the prime factors of 28781765.
5, 17, 338609
What are the prime factors of 29813374?
2, 14906687
What are the prime factors of 248997348?
2, 3, 43, 53617
List the prime factors of 22064514.
2, 3, 241, 15259
List the prime factors of 85384233.
3, 11, 19, 15131
List the prime factors of 3172763393.
19, 41, 4072867
What are the prime factors of 387695062?
2, 1117, 173543
What are the prime factors of 668457887?
223, 1597, 1877
List the prime factors of 434713601.
7, 62101943
What are the prime factors of 470093226?
2, 3, 4007, 19553
List the prime factors of 209817015.
3, 5, 13987801
List the prime factors of 92494073.
7, 41, 47, 6857
List the prime factors of 63503011.
11, 13, 29, 15313
List the prime factors of 271234007.
11, 1217, 20261
List the prime factors of 294367971.
